4471
What are the prime factors of 46716749?
23, 2031163
List the prime factors of 383966422.
2, 7, 73, 157, 2393
What are the prime factors of 132085646?
2, 7, 11, 53, 16183
List the prime factors of 553546431.
3, 6269, 9811
List the prime factors of 464065443.
3, 19, 31, 71, 137
List the prime factors of 141594451.
10639, 13309
What are the prime factors of 74398671?
3, 8266519
What are the prime factors of 447838514?
2, 17, 13171721
What are the prime factors of 472009698?
2, 3, 26222761
What are the prime factors of 322678677?
3, 6317, 17027
List the prime factors of 72895849.
13, 31, 180883
List the prime factors of 21767087.
21767087
List the prime factors of 11960722.
2, 53, 2129
List the prime factors of 14618431.
2239, 6529
What are the prime factors of 57122651?
57122651
What are the prime factors of 72974059?
72974059
List the prime factors of 212152412.
2, 1171, 45293
List the prime factors of 7608894453.
3, 3001, 281717
What are the prime factors of 6955916?
2, 11, 149, 1061
What are the prime factors of 290283184?
2, 23, 788813
List the prime factors of 47267256.
2, 3, 71, 27739
What are the prime factors of 164587916?
2, 41146979
List the prime factors of 59495178.
2, 3, 113, 87751
What are the prime factors of 139647168?
2, 3, 23, 83, 127
List the prime factors of 1501205331.
3, 23, 21756599
What are the prime factors of 36233027?
23, 37, 42577
List the prime factors of 329935337.
17, 19407961
List the prime factors of 290932688.
2, 53, 343081
What are the prime factors of 3288277845?
3, 5, 19, 3845939
What are the prime factors of 493865656?
2, 79, 781433
List the prime factors of 986353788.
2, 3, 7, 277, 42391
What are the prime factors of 2886400984?
2, 41, 1289, 6827
What are the prime factors of 4896635139?
3, 11, 389, 3853
List the prime factors of 768208896.
2, 3, 7, 13, 229
List the prime factors of 3315501710.
2, 5, 19, 97, 179897
What are the prime factors of 3317181254?
2, 1987, 834721
List the prime factors of 24104919.
3, 8034973
List the prime factors of 541288887.
3, 967, 186587
List the prime factors of 150065737.
53, 2831429
What are the prime factors of 71888901?
3, 7, 313, 10937
List the prime factors of 788275575.
3, 5, 509, 6883
List the prime factors of 49109967.
3, 5456663
List the prime factors of 52430088.
2, 3, 79, 27653
What are the prime factors of 2009319955?
5, 29, 2081, 6659
What are the prime factors of 30168978?
2, 3, 7, 53, 13553
List the prime factors of 6093881.
6093881
List the prime factors of 72195066.
2, 3, 37, 108401
What are the prime factors of 39292353?
3, 383, 11399
List the prime factors of 2377653683.
48481, 49043
List the prime factors of 46365394.
2, 23182697
What are the prime factors of 3544793037?
3, 211, 433, 479
What are the prime factors of 110309123?
2749, 40127
What are the prime factors of 231090310?
2, 5, 11, 2100821
What are the prime factors of 195787590?
2, 3, 5, 19, 389, 883
List the prime factors of 7068087096.
2, 3, 7, 19, 541, 4093
List the prime factors of 682888099.
1741, 392239
List the prime factors of 102090931.
102090931
List the prime factors of 78184630.
2, 5, 7818463
List the prime factors of 8933922.
2, 3, 165443
List the prime factors of 970056723.
3, 19, 17018539
List the prime factors of 374440204.
2, 61, 1534591
List the prime factors of 27123115.
5, 557, 9739
List the prime factors of 124239543.
3, 211, 196271
List the prime factors of 30958767.
3, 7, 54601
List the prime factors of 331308078.
2, 3, 101, 5413
List the prime factors of 209321213.
271, 772403
List the prime factors of 3002330007.
3, 10111, 32993
List the prime factors of 3753820836.
2, 3, 71, 1468631
What are the prime factors of 128360307?
3, 42786769
What are the prime factors of 418351473?
3, 677, 2543
What are the prime factors of 9295622?
2, 7, 663973
What are the prime factors of 419981913?
3, 13, 3589589
List the prime factors of 96724490.
2, 5, 9672449
What are the prime factors of 77085909?
3, 79, 181, 599
List the prime factors of 4745692.
2, 7, 169489
List the prime factors of 96181752.
2, 3, 4007573
What are the prime factors of 365706171?
3, 433, 10427
List the prime factors of 80070333.
3, 7, 53, 71941
What are the prime factors of 584957890?
2, 5, 11, 5317799
List the prime factors of 129052774.
2, 53, 149, 8171
List the prime factors of 43259009.
211, 205019
What are the prime factors of 1810408488?
2, 3, 7, 1539463
List the prime factors of 59232666.
2, 3, 9872111
List the prime factors of 1602354716.
2, 2377, 168527
List the prime factors of 610769730.
2, 3, 5, 37, 193, 2851
List the prime factors of 4140199.
7, 591457
What are the prime factors of 354723606?
2, 3, 19706867
What are the prime factors of 110089011?
3, 36696337
What are the prime factors of 754150160?
2, 5, 239, 39443
What are the prime factors of 406451923?
406451923
What are the prime factors of 278450661?
3, 761, 121967
What are the prime factors of 45582807?
3, 3671, 4139
List the prime factors of 422426240.
2, 5, 19, 34739
List the prime factors of 385967278.
2, 23, 8390593
List the prime factors of 1455272888.
2, 181909111
List the prime factors of 348251597.
5807, 59971
List the prime factors of 2361331725.
3, 5, 79, 353, 1129
List the prime factors of 35968454.
2, 199, 90373
List the prime factors of 317661252.
2, 3, 17, 73, 83, 257
List the prime factors of 124704274.
2, 4793, 13009
What are the prime factors of 47338519?
19, 31, 179, 449
What are the prime factors of 485807973?
3, 7, 23133713
List the prime factors of 4267378951.
11, 18233, 21277
What are the prime factors of 119696589?
3, 41, 108127
What are the prime factors of 72223025?
5, 7, 31, 13313
List the prime factors of 410668053.
3, 136889351
List the prime factors of 117440924.
2, 4639, 6329
What are the prime factors of 8092924393?
8092924393
What are the prime factors of 302599393?
41, 7380473
What are the prime factors of 2562988509?
3, 23, 12381587
List the prime factors of 42147470.
2, 5, 97, 43451
What are the prime factors of 28006283?
28006283
List the prime factors of 34109198.
2, 59, 79, 3659
List the prime factors of 74097088.
2, 13, 29, 37, 83
What are the prime factors of 1723372888?
2, 23, 401, 23357
List the prime factors of 2036628619.
701, 2905319
List the prime factors of 255333172.
2, 19, 433, 7759
List the prime factors of 325610567.
101, 3223867
List the prime factors of 3864357216.
2, 3, 89, 107, 1409
What are the prime factors of 43502969?
139, 312971
List the prime factors of 1730364863.
109, 149, 106543
List the prime factors of 167600646.
2, 3, 617, 15091
List the prime factors of 1590078076.
2, 1361, 292079
What are the prime factors of 303914214?
2, 3, 5628041
What are the prime factors of 303528613?
281, 1080173
List the prime factors of 223936040.
2, 5, 191, 29311
What are the prime factors of 203104969?
203104969
List the prime factors of 753058888.
2, 1039, 90599
What are the prime factors of 95309422?
2, 13, 3665747
What are the prime factors of 43550888?
2, 19, 286519
What are the prime factors of 282168216?
2, 3, 11, 37, 9629
What are the prime factors of 14137838?
2, 11, 13, 49433
List the prime factors of 105860381.
11, 19, 31, 16339
List the prime factors of 1343722731.
3, 13, 19, 1813391
What are the prime factors of 47131953?
3, 11, 79, 101, 179
What are the prime factors of 1637823890?
2, 5, 769, 212981
List the prime factors of 92610188.
2, 11, 131, 16067
What are the prime factors of 41704182?
2, 3, 13, 178223
What are the prime factors of 155945888?
2, 7, 23, 30269
List the prime factors of 136946068.
2, 7, 41, 119291
What are the prime factors of 1998316075?
5, 7, 109, 104761
What are the prime factors of 826112363?
83, 601, 16561
What are the prime factors of 2078928375?
3, 5, 179, 30971
List the prime factors of 257891243.
787, 327689
What are the prime factors of 6961230005?
5, 1392246001
List the prime factors of 688995028.
2, 172248757
List the prime factors of 3870697570.
2, 5, 29, 13347233
What are the prime factors of 862163202?
2, 3, 9187, 15641
What are the prime factors of 599999745?
3, 5, 39999983
List the prime factors of 38373501.
3, 43, 297469
What are the prime factors of 1992063385?
5, 13, 1117, 27437
What are the prime factors of 90440578?
2, 17, 31, 53, 1619
Wh